+ -36. What is the remainder when 1 + 2*h + -1 is divided by b?
14
Let t be 1 + 0 - (1 + -1). Let c be (t + 0)/(3/(-177)). Let y = c + 102. What is the remainder when y is divided by 15?
13
Let i = 8 - 6. Let c(p) = 15*p. Let u be c(i). Suppose 0 = -a - 0*r + 3*r + u, 5*r - 50 = -5*a. What is the remainder when 29 is divided by a?
14
Suppose n = -4*p - n + 690, 0 = p + 3*n - 160. Calculate the remainder when p is divided by 45.
40
Let p = -4 - -4. Suppose p*a = 4*a - 148. Let z(k) = -3*k + 4. Calculate the remainder when a is divided by z(-3).
11
Suppose 2*g = 3*y + 71, 0 = 4*g - 2*g + 2*y - 46. What is the remainder when 82 is divided by g?
26
Calculate the remainder when (4 + (-116)/(-10))*5 is divided by 16.
14
Let g(q) = 2*q - 29. Let k be g(14). Calculate the remainder when 29 is divided by ((-36)/8 + k)*-2.
7
Let a be 6/8*16/6. Calculate the remainder when 50/6*(5 - a) is divided by 13.
12
Let a = 2 - 3. Let y = 5 + a. Calculate the remainder when 6 is divided by y.
2
Let q = -4 - -7. Let j = 26 - q. What is the remainder when j is divided by 6?
5
Let b(a) = a**2 - 5*a - 5. Let s = -2 + 9. Calculate the remainder when s/3 + (-3)/9 is divided by b(6).
0
Suppose -3*k - 24 = -6*k. What is the remainder when 21 is divided by k?
5
Calculate the remainder when 34 is divided by (-24)/16 - (-21)/2.
7
Suppose 6*z - 3*z + x = 19, -5*z - x = -33. Suppose -5*k = 3*q - 10 - 19, -2*k + 3*q = 1. Calculate the remainder when z is divided by k.
3
Suppose g - 4 - 14 = 0. Calculate the remainder when 64 is divided by g.
10
What is the remainder when 23 is divided by (-4)/((-82)/(-18) + -5)?
5
Let o = 3 + -1. Suppose -6 = -o*h + 12. Calculate the remainder when h is divided by 5.
4
Let j(q) = -q**2 - 8*q - 11. Let y = 11 - 4. Calculate the remainder when y is divided by j(-5).
3
Let t(o) = -6*o. Let h be t(-2). Suppose 0 = -6*l + 5*l + h. Calculate the remainder when ((-27)/(-6))/(2/l) is divided by 10.
7
Suppose 0 = -5*m + 76 + 54. Calculate the remainder when 103 is divided by m.
25
Let s be (2/6)/((-2)/(-18)). Suppose s*c + 1 - 28 = 0. What is the remainder when 24 is divided by c?
6
Suppose -6*z - 37 = -187. What is the remainder when z is divided by 20?
5
Let q(c) be the first derivative of c**3/3 - c**2/2 + 6*c + 1. Suppose -67*z + 9 = -66*z. Calculate the remainder when z is divided by q(0).
3
Let x(p) = 7*p - 6. What is the remainder when 65 is divided by x(4)?
21
Let q(u) = u**2 - 7*u + 4. Let c be q(6). Calculate the remainder when (3/4)/(c/(-40)) is divided by 6.
3
Suppose -k + u = -114, 0*u - 5*u = -4*k + 460. Suppose -2*y + k = 24. What is the remainder when y is divided by 11?
10
Suppose -104 + 28 = -2*h. What is the remainder when h is divided by 8?
6
Calculate the remainder when (-1106)/(-8) + 13/(-52) is divided by 35.
33
Let w = 1 - 3. Let x(j) = 4*j**2 - 4*j - 3. Calculate the remainder when x(w) is divided by 8.
5
Suppose 0 = s + 4*s. Suppose 0 = -5*j + 3*t - 12, -9*j - 4*t = -5*j + 16. Calculate the remainder when 6 is divided by (j + 0)*(-1 - s).
0
Suppose 2*i + p = 6, i = 5*i - p - 24. Let d = -3 + 5. Suppose -3*u = m - 9, u + d*m + 2 = 5*u. What is the remainder when i is divided by u?
1
What is the remainder when ((-8)/(-4) - 4) + 4 is divided by 2?
0
Let j = 9 - 15. Let o = j - -47. Calculate the remainder when o is divided by 11.
8
Suppose -4*t = 3*g - 4*g + 28, 2*t + 56 = 2*g. What is the remainder when g is divided by 15?
13
Let d be (2 - 0 - 1)*-59. Let u = d - -87. Calculate the remainder when 111 is divided by u.
27
Let m be 11/(-44) - 17/(-4). Let s be 18/8*4*2. Suppose 0 = 2*c - s - m. Calculate the remainder when 21 is divided by c.
10
Let g = -24 - -39. What is the remainder when 2*g*(3 - 2) is divided by 8?
6
Let u be (-20)/(-110) + 268/(-22). Let j(w) = -w**2 - 15*w - 17. What is the remainder when 73 is divided by j(u)?
16
Let q = 88 - 47. Suppose -9*i = -174 + 39. Calculate the remainder when q is divided by i.
11
Suppose 3*a - 16 = -2*p + p, 2*a - 15 = -5*p. Suppose -3*f + a*f = 8. Let r(y) = -y**3 + 14*y**2 - 32*y - 6. What is the remainder when r(11) is divided by f?
1
Let f = 1 - 1. Suppose 0*b - b + 2 = f. Calculate the remainder when b is divided by 1.
0
Suppose -2*z + 3*z = 25. Let i(y) = -9*y**3 + y**2 + 2*y + 1. Calculate the remainder when z is divided by i(-1).
7
Let u = 62 - 34. What is the remainder when 109 is divided by u?
25
Let j = 7 - -20. What is the remainder when j is divided by 6?
3
Suppose 2*x + 4 = -6, 0 = 3*u - 2*x - 340. Calculate the remainder when u is divided by 29.
23
Let h(q) be the first derivative of -q**2 - 3*q - 1. Let t be h(-4). Suppose 3*n - t = 1. Calculate the remainder when 4 is divided by n.
0
Let d be 2 + -4 + (-36)/(-2). Suppose -2*h + 12 + d = 0. Calculate the remainder when 55 is divided by h.
13
Suppose 2*f + 5*u = -11, 0 = -2*f + 2*u + 2*u + 16. Suppose f*g + g = 192. What is the remainder when g is divided by 22?
20
Let f(d) = d**2. Let y(r) = 2*r**3 + 5*r**2 - 2*r + 2. Let z(a) = -6*f(a) + y(a). Let t = 4 - 2. Calculate the remainder when 29 is divided by z(t).
9
Let h(p) = p**2 - 11*p - 6. Calculate the remainder when 23 is divided by h(12).
5
Suppose -2*c = -3*x - 17, 4*c + 2*x + 6 = 5*c. Calculate the remainder when 60 is divided by c.
12
Let m(f) = f. Let z(r) = 3*r + 2. Let d(v) = 6*m(v) - z(v). Let y be d(-2). Let c(j) = -2*j - 5. What is the remainder when c(y) is divided by 6?
5
Let c(n) = 17*n**2 + 1. What is the remainder when c(-2) is divided by 12?
9
Let i(d) = d - 6. Let q be i(8). Suppose p - q*n = 3*n - 6, -4 = -3*p + 4*n. Calculate the remainder when ((-156)/9)/(p/(-6)) is divided by 9.
8
Suppose -2*h = -6 - 0. Let p be (21/(-6) + h)*0. Suppose p = 2*q - 27 + 1. What is the remainder when 50 is divided by q?
11
What is the remainder when 25 is divided by 2 + -6 - (2 - 20)?
11
Let m(k) = -k - 4. Let c be m(-5). Suppose -4*d + 5 + 3 = 0, 5*d - 12 = -g. Calculate the remainder when g is divided by 3 + 3 - 3 - c.
0
Let d(z) = -10*z + 1. What is the remainder when d(-4) is divided by 11?
8
Suppose -2*c - 4*q - 6 + 0 = 0, -q = -2*c - 1. Suppose 0 = 2*s - 36 - 20. Calculate the remainder when s is divided by ((-12)/16)/(c/20).
13
What is the remainder when 64 is divided by -8 + 28 + 1 + 1?
20
Let l(j) = j**2 - 5*j - 6. Let t(f) = f**2 - 5*f - 6. Let m(c) = 2*l(c) - 3*t(c). What is the remainder when 22 is divided by m(5)?
4
Let b(r) = -r**3 + 4*r**2 - 1. Let p be b(3). Suppose -p*q + 9 = -7*q. What is the remainder when 15 is divided by q?
6
Let f be 2 + 0 + (-1 - -4). Suppose v = f*v - 336. What is the remainder when v is divided by 22?
18
Suppose -2*h = -5*z - 6, -4*h - 5*z = 25 - 7. Let g be -2*h/8*2. Suppose 2*k = 5 - g. What is the remainder when 3 is divided by k?
1
Suppose -2*g = -10, 0 = -l + 3*l + 2*g - 28. Suppose 2*z = 8, -3*q - z - 20 = -6*q. Let u = q + -3. Calculate the remainder when l is divided by u.
4
Suppose 0 = -c + 3*c. Suppose 5*j + 2*x = 15 + 17, c = -j - x + 4. What is the remainder when 14 is divided by j?
6
Suppose 2*i + 4 = -6, -2*v = 2*i + 2. Suppose 5*h - 5*u + 1 = 11, -v*u + 27 = h. Calculate the remainder when h is divided by 5.
2
Let o(s) = -s**3 + 5*s**2 + s - 6. Suppose 0*q = 5*q - 25. Calculate the remainder when o(2) is divided by q.
3
Suppose -4*q = -t + 11, 0 = q + 3 - 2. Suppose 6 = -3*w - 3*l, -w + 4 = -l + 2. Suppose w = a + a - 38. Calculate the remainder when a is divided by t.
5
Suppose 7*s - 4*s - 21 = 0. Suppose 9*n + 16 = 13*n. Let i = n + 16. Calculate the remainder when i is divided by s.
6
Suppose 74 = 3*n - n. Let m = -37 + 50. What is the remainder when n is divided by m?
11
Let d(w) = 2 + 4 - w - 1. Let n be d(3). Suppose 0*r + 3*r = 2*p - 56, n*r = -p + 42. Calculate the remainder when p is divided by 12.
10
Let r = -1 - -31. Let d(n) = n**3 - 9*n**2 + 8*n + 8. Calculate the remainder when r is divided by d(8).
6
Suppose 2*q - 2*h - 2*h + 16 = 0, 3*h - 7 = 4*q. Let j(r) = 2*r - r + 2*r - q. Calculate the remainder when 38 is divided by j(5).
12
Suppose 4*i = 25 + 19. Suppose -i*y + 14*y - 48 = 0. What is the remainder when 30 is divided by y?
14
Suppose -3*f + g = 2*g + 146, -69 = 2*f - 5*g. Let m be -2*(3/1 + f). Let i = m - 52. Calculate the remainder when i is divided by 19.
17
Let t = -28 - -45. Wh